derivative of z**3/3 + 3*z**2/2 - 2*z - 3. Let a be k(-5). What is the units digit of -1*23*(a + -9)?
3
Let j be (-2)/(-6) - (-6 + (-112)/24). Let b(r) = -3 - 2 + 2*r - r**2 + 12*r**2 - r**3. What is the tens digit of b(j)?
1
Let l = 29 - 24. Suppose -724 - 46 = -l*s. What is the tens digit of s?
5
Suppose 4*d - 220 = f, -3*d = -10*f + 5*f - 165. Suppose -3*q = 2*q - d. What is the units digit of q?
1
Suppose 10*i = 3*i + 1743. What is the tens digit of i?
4
Let k = -77 + 71. Let p(w) = -2*w**3 - 10*w**2 - 13*w + 4. What is the tens digit of p(k)?
5
What is the tens digit of 23 + (5 - 0) - 4?
2
Let q(p) = -7*p - 13. Let s be q(-5). Let l(i) = -i**3 - 7*i**2 + 3*i - 9. Let h be l(-8). Let k = h - s. What is the units digit of k?
9
Let z(b) = 5*b. Let r = -1 + 0. Let c be r*(-3)/(9/15). What is the units digit of z(c)?
5
Let o(d) = d**3 + 14*d**2 - 2*d - 32. Let y be o(-14). What is the hundreds digit of 12/y*296/(-6)?
1
Suppose -4*v + 5*k = -80 + 25, 5*v - 2*k = 73. Suppose -10*n + 5*n + v = 0. What is the units digit of (5 - n)*(-3)/(-2)?
3
Suppose -934 = -5*c - 3384. What is the units digit of (6/4 + (-1 - 1))*c?
5
Suppose 7*n - 166 = 6*n. Suppose 2*x = -3*h + n, -2*h + 36 = x - 48. What is the units digit of x?
0
Let o(u) = -254*u + 98. What is the units digit of o(-3)?
0
Suppose -5*l - 28 = -3*l. Let z = 21 + l. Let v(m) = -m**3 + 8*m**2 - 5*m + 2. What is the units digit of v(z)?
6
Let k(l) = l**3 - l**2 + 3*l + 55. What is the tens digit of k(14)?
4
Let b = 742 + -746. Let t(q) = 7*q**2 - 3*q. Let s be t(2). Let o = s + b. What is the units digit of o?
8
Suppose q - 4 = 2*b, -4*q = -4*b - 1 - 7. Suppose 18 = -3*d - q. Let z = d + 27. What is the tens digit of z?
2
Suppose -176 = -c - 12. Let p = -48 + c. What is the hundreds digit of p?
1
Suppose -4*i - 66 = 62. Let g(r) = -28*r + 134. Let q be g(5). What is the units digit of (i + -2)*q/4?
1
Suppose 27 - 159 = -2*r. What is the units digit of r?
6
Let p = 3885 + 421. What is the hundreds digit of p?
3
Suppose 0 = 5*n - 2*n - 4*i - 5329, 4*i = -5*n + 8903. What is the thousands digit of n?
1
Let f = -21 + 2. Let n = f + 35. What is the tens digit of n?
1
Suppose w - 4*f + 1531 = 2*w, 8 = 4*f. What is the units digit of w?
3
Let o = 5 + -7. Let i(x) = 26*x**2 + 3*x + 2. What is the units digit of i(o)?
0
Let j be 3/12 - (-249)/12. Let p = -15 + j. What is the units digit of ((-15)/(-2))/(p/16)?
0
Suppose -r = -3*t - 20, -3*r + 5*t + 22 = -50. Suppose 204 = 5*c + r. What is the units digit of c?
5
Let o(w) = w**2 + 6*w - 6. Let d be o(-9). Let g = d + -19. What is the units digit of g?
2
What is the units digit of -134*((-63)/14 - -5 - 31)?
7
Let x be (-12)/(-6) + 3 + 0. Let g be (-2 - -3)*(x - 5). Suppose g*z - 3*b = -2*z + 126, 5*z = -3*b + 294. What is the tens digit of z?
6
Let h = 58 + -20. Let i = -13 + h. Suppose -i = -9*m + 4*m. What is the units digit of m?
5
Let r = 11 - 7. Suppose 0*b = -2*b + r. Let q(n) = n**2 - n - 1. What is the units digit of q(b)?
1
Suppose -5*t = g - 443 - 1086, -3*g + 915 = 3*t. Suppose -76 = 5*v - t. What is the units digit of v?
6
Let r = 33 - 28. Suppose r*g - 88 = 22. What is the tens digit of g?
2
Suppose 28*x + 3303 = 37*x. What is the tens digit of x?
6
Suppose -11*b = -9*b - 160. What is the tens digit of ((-12)/(-8))/(12/b)?
1
Let b(p) = p**2 - 3*p - 5. Let h be b(6). Let i = -11 + h. Suppose 4*l - 3*c = i*l + 13, -25 = -5*c. What is the units digit of l?
4
What is the tens digit of -3*((-6)/(-51) - 14048/51)?
2
Let v(l) = 11*l**2 + 17*l + 158. What is the thousands digit of v(-22)?
5
What is the thousands digit of (-21873)/(-21) + 8/(-56)*-3?
1
Let t = 210 - -1050. What is the units digit of t?
0
Suppose 4*s - j - 579 = 0, 0*j = -3*s - j + 443. What is the hundreds digit of s?
1
Let y(t) = t**2 + t. Suppose 0 = -a + 1 - 2. Let h be y(a). Suppose -9*z + 5*z + 100 = h. What is the tens digit of z?
2
Suppose -q = 2*q - 78. Let x = 24 + q. Let p = 77 - x. What is the tens digit of p?
2
What is the hundreds digit of (-4307979)/(-754) - 1/(-4)*-2?
7
Let d be 18/(-4)*8/12. Let f = d - -5. What is the units digit of f?
2
Suppose -3*g + 49 = k, k - 84 = -5*g - 3*k. Suppose x + 6 = 4*a, 2*a - g = -a - 5*x. Suppose 0 = l + 3*s - 13, a*l - 12 - 4 = -s. What is the units digit of l?
7
Let d be (-480)/(-84) - 4/(-14). What is the tens digit of -5 + 1 + 0 - (d + -28)?
1
Let x be (-1)/(-1) + -180 + -20 + 21. Let h = -83 - x. What is the units digit of h?
5
Let j = 184 - -480. What is the hundreds digit of j?
6
Suppose 2*y = 3*y - 52. Let u(s) = s**2 + 12*s + 41. Let t be u(-6). Suppose g + y = t*g. What is the units digit of g?
3
Let f be 4/16 - 49/4. Let v = f - -17. Suppose 4*s = -v*h + 105, 2*s = 3*s - 4*h. What is the tens digit of s?
2
What is the units digit of (-2415 + -3)/(-3 - (1 - 3))?
8
Let d(z) = z**3 - 2*z**2 - 3*z + 9. Let p = 32 + -28. Let j(s) = s**3 - 3*s**2 - 4*s + 8. Let m(v) = p*d(v) - 5*j(v). What is the tens digit of m(7)?
5
Let f = -896 - -1524. What is the units digit of f?
8
Suppose 20*c - 17*c = 3. What is the hundreds digit of (-417)/9*3*c/(-1)?
1
What is the tens digit of 2/(-8) + (-314450)/(-200)?
7
Let y(l) = 4*l**2 + 29*l - 18. What is the hundreds digit of y(10)?
6
Suppose 0 = -5*b + 4*b - 5. Let l = -3 - 12. What is the units digit of (-42)/b*l/(-6)?
1
Let o(f) = -f**3 + 3*f**2 + f + 4. Let k be o(5). Let h = 81 + k. What is the units digit of h?
0
Suppose 0 = -0*v - v + 2. Let h be 32/16 + 4/v. Let m(c) = -c**3 + 5*c**2 - 4. What is the units digit of m(h)?
2
Let f(q) = -q**3 + q**2 - 2*q + 220. Let v = 94 - 94. What is the tens digit of f(v)?
2
Let y(p) = 5*p**3 + p**2 + 2*p - 1. Let i be y(-2). Suppose -45 = m + 3*g, g - 12 = 3*m + 83. Let w = m - i. What is the units digit of w?
8
Let v(m) = m**2 + m - 7. Let k be v(3). Suppose q = 93 - k. What is the units digit of q?
8
What is the tens digit of 38208/42 + (-6)/21*-1?
1
Let l = -8 - -10. Suppose -l*c + 5*w + 39 = 0, -w + 4*w + 9 = 0. What is the tens digit of 136/c - (-4)/6?
1
Let b be 1/2 + (-3)/(-2). Suppose b*m = -3*m + 70. What is the units digit of m?
4
Suppose 1624 + 980 = 6*j. What is the units digit of j?
4
Let n(c) = -2*c + 17. Let g be n(12). Let h = 151 + g. What is the hundreds digit of h?
1
Suppose 3*b - 3*v + 9 = 0, 78*b - 3*v + 1 = 76*b. Let r(j) be the first derivative of j**2/2 + 14*j - 1. What is the units digit of r(b)?
6
Suppose 5 + 4 = 3*w, -4*y - 5*w = -807. What is the tens digit of y?
9
Let n be (4 - (3 - -2))*1. Let q be 1 - n*2/(-2). Suppose q = -y + 2*y - 41. What is the units digit of y?
1
Suppose -4*w + 1229 = -1339. What is the tens digit of w?
4
Let x = 8 - 4. Let c(v) = 2*v**2 - 9*v + 14. What is the units digit of c(x)?
0
Suppose -3*i - 3*k - 2*k + 21 = 0, k = 2*i - 1. Let r = i + 32. What is the units digit of r?
4
Suppose 16*o = 23*o + 826. Let t = o + 221. What is the tens digit of t?
0
Suppose -3*x + 2*n = 1 - 4, -2*x - n = -9. Suppose -x*w + 5*w = 4. Suppose 3*l - 17 = -2*a, -w*a = 4*l - 9 - 17. What is the units digit of l?
9
Let i(n) = n**3 - 29*n**2 - 38*n - 35. What is the hundreds digit of i(31)?
7
Let u = 2067 + -1207. What is the units digit of u?
0
Let u be (-398)/(-4) - (-6)/12. Suppose -8*y = -u - 940. What is the units digit of y?
0
Suppose 70 = 2*m - 146. Let q = -44 + m. What is the tens digit of q?
6
Let k(n) = n**3 + 13*n**2 - 43. What is the units digit of k(-10)?
7
Let i(d) = 23*d - 76. What is the units digit of i(4)?
6
Let b = 277 - -88. What is the tens digit of b?
6
Let a(j) be the second derivative of -j**4/12 - j**3/6 + 55*j**2/2 - 14*j. What is the units digit of a(0)?
5
Suppose 52*s - 55*s + 1602 = 0. What is the units digit of s?
4
Suppose o = 6*o + 20, -3*p + o - 71 = 0. Let h(x) = -6*x - 14. What is the hundreds digit of h(p)?
1
Let w(i) = i**2 - 13*i + 14. Let x = 1 + 12. Let d be w(x). Let l = d - -13. What is the tens digit of l?
2
Suppose -3*z = -2*q + 6977, -10464 = -7*q + 4*q + 5*z. What is the units digit of q?
3
Let f(l) = l**3 - 7*l**2 - 2*l - 11. Let m be f(8). Let h = m - 12. Suppose 79 = 3*u + 2*a - 3*a, 0 = -5*a + h. What is the units digit of u?
8
Let k = -30 + 31. What is the units digit of (60/25)/((6/75)/k)?
0
What is the hundreds digit of (-7 - (2 + 12/(-2)))*-1042?
1
Let h(w) = -w**2 +